5) to base 11
6
Convert 10 (base 5) to base 14.
5
55 (base 13) to base 4
1012
Convert 8 (base 15) to base 11.
8
0 (base 4) to base 13
0
Convert 26 (base 10) to base 11.
24
77 (base 12) to base 2
1011011
What is 2 (base 13) in base 15?
2
Convert 3 (base 5) to base 12.
3
Convert 65 (base 7) to base 8.
57
f (base 16) to base 15
10
Convert 95 (base 16) to base 11.
126
Convert 3 (base 14) to base 11.
3
Convert a (base 15) to base 11.
a
212 (base 3) to base 7
32
-3300 (base 4) to base 7
-462
Convert -3 (base 14) to base 5.
-3
62 (base 15) to base 3
10102
What is -3 (base 15) in base 16?
-3
Convert 120 (base 5) to base 8.
43
What is -10 (base 10) in base 13?
-a
Convert -2 (base 8) to base 14.
-2
Convert -2 (base 13) to base 14.
-2
Convert 1 (base 10) to base 5.
1
-207 (base 14) to base 15
-1b9
What is 13 (base 4) in base 12?
7
Convert 440 (base 5) to base 3.
11110
What is 22 (base 6) in base 3?
112
What is -404 (base 7) in base 5?
-1300
Convert -6 (base 7) to base 6.
-10
Convert 3 (base 13) to base 8.
3
120 (base 7) to base 14
47
-10 (base 8) to base 11
-8
What is -121 (base 4) in base 10?
-25
125 (base 7) to base 10
68
Convert -1001 (base 2) to base 11.
-9
What is -15 (base 10) in base 11?
-14
Convert -2 (base 14) to base 16.
-2
What is -120 (base 3) in base 13?
-12
What is -16 (base 10) in base 11?
-15
Convert 7 (base 13) to base 4.
13
-23 (base 11) to base 7
-34
Convert 121 (base 4) to base 16.
19
What is c8 (base 14) in base 9?
215
Convert 0 (base 4) to base 3.
0
2 (base 15) to base 14
2
Convert 342 (base 7) to base 9.
216
Convert 2 (base 9) to base 8.
2
Convert -7 (base 12) to base 2.
-111
What is -11 (base 3) in base 14?
-4
Convert 3 (base 14) to base 12.
3
-11 (base 13) to base 16
-e
What is 14 (base 6) in base 2?
1010
5 (base 7) to base 8
5
What is -a (base 12) in base 2?
-1010
What is -11000 (base 2) in base 13?
-1b
What is -117 (base 9) in base 6?
-241
-20 (base 13) to base 3
-222
-63 (base 11) to base 9
-76
-36 (base 7) to base 4
-123
Convert 12100 (base 3) to base 11.
121
Convert 2 (base 4) to base 11.
2
What is -1 (base 13) in base 8?
-1
-3 (base 11) to base 13
-3
1 (base 13) to base 11
1
Convert 3 (base 8) to base 6.
3
What is 260 (base 10) in base 2?
100000100
1 (base 16) to base 8
1
-10000000 (base 2) to base 4
-2000
What is -2 (base 12) in base 14?
-2
What is -50 (base 11) in base 6?
-131
Convert 37 (base 10) to base 14.
29
What is 3 (base 6) in base 9?
3
Convert -3 (base 9) to base 14.
-3
-1 (base 9) to base 13
-1
Convert 1 (base 11) to base 7.
1
Convert -2 (base 16) to base 13.
-2
What is -3 (base 15) in base 16?
-3
-1 (base 13) to base 2
-1
Convert 56 (base 12) to base 15.
46
Convert -151 (base 8) to base 10.
-105
What is -44 (base 13) in base 11?
-51
Convert -2 (base 4) to base 3.
-2
-112 (base 8) to base 9
-82
-c (base 16) to base 12
-10
-e6 (base 16) to base 15
-105
What is 11 (base 12) in base 4?
31
-1011111 (base 2) to base 16
-5f
Convert -26 (base 13) to base 15.
-22
What is 12 (base 3) in base 15?
5
What is 18 (base 9) in base 7?
23
What is 223 (base 11) in base 15?
12c
-5 (base 7) to base 14
-5
33 (base 5) to base 9
20
What is 2 (base 5) in base 13?
2
1 (base 10) to base 3
1
-1b (base 15) to base 14
-1c
Convert -5 (base 13) to base 4.
-11
What is 7 (base 11) in base 9?
7
a (base 16) to base 3
101
0 (base 4) to base 3
0
5d (base 15) to base 3
10021
What is 134 (base 6) in base 15?
3d
-111 (base 2) to base 10
-7
a (base 15) to base 6
14
Convert 10 (base 9) to base 12.
9
What is 62 (base 9) in base 12?
48
Convert -182 (base 12) to base 2.
-11110010
-1 (base 9) to base 10
-1
Convert 12 (base 12) to base 7.
20
What is 28 (base 9) in base 11?
24
d2 (base 16) to base 10
210
What is -104 (base 5) in base 9?
-32
-10a (base 13) to base 3
-20122
-225 (base 7) to base 10
-117
What is -1 (base 12) in base 14?
-1
What is -102011 (base 3) in base 12?
-211
What is -42 (base 7) in base 16?
-1e
What is 100 (base 4) in base 2?
10000
59 (base 11) to base 10
64
554 (base 6) to base 16
d6
10101 (base 2) to base 8
25
What is 147 (base 9) in base 7?
235
1 (base 6) to base 13
1
Convert -13 (base 5) to base 8.
-10
What is 141 (base 6) in base 15?
41
What is -223 (base 8) in base 10?
-147
What is -1 (base 9) in base 3?
-1
Convert -1101 (base 2) to base 4.
-31
Convert 147 (base 9) to base 13.
97
Convert -3302 (base 4) to base 12.
-182
What is -4 (base 12) in base 14?
-4
27 (base 14) to base 16
23
1 (base 3) to base 16
1
Convert -12 (base 11) to base 5.
-23
Convert 3 (base 13) to base 6.
3
What is 0 (base 5) in base 14?
0
111 (base 2) to base 13
7
113 (base 6) to base 4
231
What is -100 (base 10) in base 12?
-84
Convert 55 (base 15) to base 13.
62
What is -b9 (base 12) in base 15?
-96
Convert -14 (base 15) to base 3.
-201
Convert 13 (base 16) to base 5.
34
What is -7 (base 16) in base 13?
-7
Convert -43 (base 12) to base 13.
-3c
Convert -10 (base 3) to base 4.
-3
Convert -4 (base 12) to base 6.
-4
11 (base 2) to base 13
3
Convert -3 (base 14) to base 6.
-3
8 (base 11) to base 8
10
What is b (base 13) in base 12?
b
Convert -5 (base 7) to base 14.
-5
1030 (base 5) to base 9
165
What is -2 (base 6) in base 7?
-2
3 (base 10) to base 4
3
Convert 5 (base 7) to base 5.
10
-11 (base 2) to base 14
-3
Convert -2 (base 8) to base 15.
-2
-3 (base 10) to base 2
-11
What is 1 (base 2) in base 12?
1
What is -9 (base 16) in base 9?
-10
-202 (base 12) to base 7
-563
0 (base 2) to base 4
0
What is -40 (base 5) in base 16?
-14
7c (base 15) to base 5
432
What is -2 (base 8) in base 10?
-2
Convert 34 (base 8) to base 5.
103
1 (base 3) to base 8
1
What is 13 (base 5) in base 11?
8
Convert -4 (base 14) to base 9.
-4
What is 2 (base 3) in base 11?
2
-57 (base 13) to base 9
-80
What is 101111 (base 2) in base 11?
43
-31 (base 4) to base 16
-d
What is 251 (base 7) in base 3?
11222
Convert -d (base 14) to base 2.
-1101
What is -2433 (base 5) in base 15?
-198
Convert -42 (base 16) to base 15.
-46
What is -1 (base 11) in base 15?
-1
440 (base 5) to base 2
1111000
What is -10 (base 8) in base 3?
-22
Convert b (base 14) to base 2.
1011
What is 0 (base 3) in base 12?
0
Convert 12 (base 3) to base 5.
10
4 (base 7) to base 11
4
Convert 27 (base 11) to base 9.
32
50 (base 6) to base 2
11110
What is -167 (base 16) in base 5?
-2414
-38 (base 9) to base 10
-35
Convert -2c (base 15) to base 14.
-30
What is 7 (base 15) in base 2?
111
1 (base 14) to base 7
1
What is 6 (base 12) in base 3?
20
What is -3a (base 11) in base 12?
-37
Convert 14 (base 14) to base 16.
12
2000 (base 5) to base 16
fa
Convert -26 (base 7) to base 11.
-19
-21 (base 5) to base 4
-23
Convert -111 (base 3) to base 4.
-31
11010 (base 2) to base 5
101
What is -53 (base 10) in base 4?
-311
What is -317 (base 8) in base 11?
-179
123 (base 6) to base 14
39
Convert 1a (base 14) to base 8.
30
Convert -6 (base 7) to base 4.
-12
1 (base 15) to base 4
1
What is -1 (base 8) in base 12?
-1
What is 3 (base 15) in base 8?
3
-32 (base 13) to base 8
-51
What is -21121 (base 3) in base 5?
-1310
What is 7b (base 13) in base 9?
123
What is -3 (base 4) in base 15?
-3
Convert 325 (base 6) to base 12.
a5
Convert 102 (base 9) to base 10.
83
Convert -200 (base 13) to base 15.
-178
What is -2 (base 10) in base 3?
-2
What is 1101 (base 2) in base 8?
15
What is 111102 (base 3) in base 16?
16a
Convert -33 (base 4) to base 6.
-23
Convert 1000101 (base 2) to base 7.
126
Convert -22 (base 4) to base 8.
-12
1022 (base 5) to base 9
162
Convert -167 (base 8) to base 6.
-315
What is -200 (base 3) in base 6?
-30
4 (base 12) to base 11
4
What is -20 (base 8) in base 13?
-13
What is 50 (base 7) in base 13?
29
5 (base 10) to base 16
5
Convert 3 (base 8) to base 16.
3
-a (base 15) to base 7
-13
Convert -1a (base 15) to base 3.
-221
What is 96 (base 15) in base 2?
10001101
What is -7 (base 16) in base 9?
-7
Convert 15 (base 9) to base 6.
22
3 (base 7) to base 10
3
What is -142 (base 10) in base 8?
-216
Convert 6 (base 9) to base 2.
110
What is -a (base 11) in base 12?
-a
-a (base 12) to base 11
-a
What is 152 (base 6) in base 15?
48
Convert -20 (base 10) to base 4.
-110
What is 10 (base 2) in base 9?
2
Convert -10 (base 15) to base 11.
-14
22010 (base 3) to base 11
18a
Convert -1 (base 5) to base 13.
-1
-4a (base 12) to base 9
-64
Convert 0 (base 4) to base